r of 22 and g?
11
Let k be 1/2 + (-17)/2. Suppose 3*q - 2*a - 6 = -5*a, -a = 2*q. Let i be (k/(-5))/(q/(-5)). What is the greatest common divisor of 20 and i?
4
Let o be 115/4 - (-1 - 56/(-32)). Calculate the greatest common factor of o and 7.
7
Let z be (-42)/(-3) + 1 + 2. Suppose -2*i = -5*m + z, 2*i + m - 3*m + 2 = 0. What is the highest common factor of i and 1?
1
Suppose -6*p + p + 4*k = 35, 5*p + 10 = -k. Let h be -6*p*(-3)/(-27). Suppose -4*j - 2 = -22. Calculate the greatest common divisor of j and h.
1
Let t be 1 + 2*-3*1. Let f(v) = 10*v + 2. Let m be f(1). Let y = m - t. Calculate the greatest common divisor of y and 51.
17
Let h(q) = 0 + 0 + 3*q - q**3 + 3. Let y be h(-2). Suppose y*j - 81 = -2*l, 0 = l - 0*l + j - 45. What is the greatest common factor of 12 and l?
12
Let s(p) = -p**2 - 8*p + 6. Let d be s(-7). Suppose -4*n + d = -31. Let u be ((-81)/(-15) - 1)*5. What is the greatest common factor of n and u?
11
Suppose -a = 2*a - 9. Suppose 0 = 2*m + s + 2 - 9, -m - a*s + 1 = 0. What is the greatest common factor of 8 and m?
4
Suppose -2*l = -l - 19. Calculate the greatest common divisor of l and 38.
19
Let f be 14/6 + 1/(-3). Let r(s) = s**3 + s**2 - 3*s + 2. Let w be r(f). Calculate the highest common divisor of w and 12.
4
Suppose 4*i + 4 = 2*h - 8, 3*i + 18 = 3*h. What is the greatest common divisor of 54 and h?
6
Suppose -43*l = -46*l + 24. Calculate the highest common divisor of 72 and l.
8
Let f = 107 + -99. Calculate the greatest common divisor of 16 and f.
8
Let r = -12 - -8. Let u be (2/3)/(r/(-18)). Suppose 5*v = -2*q + 20, -7*v = u*q - 3*v - 23. What is the highest common factor of 40 and q?
5
Suppose -2 = 5*d - a - 0, -10 = -2*d - 5*a. Suppose d = 4*r + r - 10. Suppose -r*s + 0*s = -42. Calculate the greatest common factor of 168 and s.
21
Suppose 2*b + 10 = -0*b. Let r(y) = y**3 + 5*y**2 - 6*y - 5. Let u be r(b). Calculate the highest common factor of 5 and u.
5
Let k(t) = -t**2 - 6*t + 1. Let h be k(-5). Let d be 84*(15/h + -2). Calculate the greatest common divisor of d and 14.
14
Let l = 5 - 3. Let t be ((-64)/l)/((-1)/2). Calculate the greatest common divisor of 8 and t.
8
Let f(l) = -l**2 - 8*l - 9. Let p be f(-5). Suppose -45 = -p*i + i. Let k = 136 + -64. What is the highest common divisor of i and k?
9
Suppose 0 = -2*r - a + 12, r - 3*a = 2 - 10. Let g(u) = -r*u + 3*u + 3 + 0*u + 4*u + 9*u**2. Let z be g(-2). Calculate the greatest common factor of 11 and z.
11
Suppose 2*b + 3*b = 30. Let u(o) = o**2 - 8*o + 13. Let c be u(9). Suppose -2 = -2*f + c. What is the greatest common factor of b and f?
6
Let q be 4/(-6)*69/(-2). What is the highest common factor of 23 and q?
23
Let c = -6 + 10. Suppose -c*x + 0*l = -l - 25, l = -x + 10. Suppose p = -0*p + 21. What is the highest common factor of x and p?
7
Let t(c) = c. Let y be t(5). Suppose w + 4*q - 41 = 0, -3*w + w + 4*q + 94 = 0. Calculate the highest common divisor of y and w.
5
Suppose 16 + 11 = -3*p. Suppose -3*h + 0*h = 45. Let t = p - h. Calculate the highest common factor of t and 9.
3
Let t = 62 - 59. Calculate the greatest common divisor of 6 and t.
3
Suppose -4*j + 0 = -4. What is the greatest common divisor of j and 3?
1
Suppose m - 5 = 1. Let c(v) = v + 5. Let f be c(7). Calculate the greatest common factor of f and m.
6
Let k(g) = -2*g**3 + 6*g**2 + 2*g + 3. Let a be k(-3). What is the greatest common divisor of a and 15?
15
Let z = -14 - -19. Calculate the highest common factor of 55 and z.
5
Let m be 5/(10/18) + 2. Let q be (9 - 1)*(m - 1). What is the highest common divisor of 32 and q?
16
Suppose -5*o - 82 = -b - 3*o, 0 = -5*b - 2*o + 470. Let v = b + -38. Calculate the greatest common divisor of 27 and v.
27
Suppose -4*d + 16 = -164. Suppose 6*j - 150 = j. What is the greatest common factor of j and d?
15
Let h(z) = -z - 3. Let o be h(-3). Suppose -5*q - 4*m + 14 = -8, -4*q - 2*m + 14 = o. Let l be 1184/28 + q/(-7). What is the highest common factor of 6 and l?
6
Let u = -251 - -537. What is the highest common divisor of u and 26?
26
Let n(g) = g**3 - 27*g**2 + 49*g + 54. Let b be n(25). What is the highest common divisor of b and 87?
29
Suppose 9*v = 5*v + 160. Calculate the highest common factor of v and 100.
20
Suppose -3*k + 3*y + 78 = -2*y, 4*k + 5*y - 69 = 0. What is the greatest common divisor of k and 3?
3
Let q be (-4 - 0)*6*-1. Calculate the greatest common divisor of q and 36.
12
Let w be ((-1312)/(-6))/2 + 10/15. Calculate the highest common divisor of w and 44.
22
Let o(z) = 4*z**2 + z - 1. Let i be o(1). Suppose 0*t = -i*t + 32. Let l be (18/t)/((-3)/(-96)). What is the highest common factor of 9 and l?
9
Suppose -35 = 3*b - 95. Suppose -2*k - 2*d + b + 14 = 0, -d - 97 = -5*k. What is the highest common divisor of k and 171?
19
Suppose 2*r - 31 = 5*r - 4*k, 4*r + 16 = -k. Let i be (42/10)/(r/(-25)). What is the highest common factor of i and 14?
7
Let k(l) = -7*l + 1. Let d be k(-3). Suppose -365 = -3*w - 2*w. Let c = w + d. What is the highest common factor of 19 and c?
19
Let q = -55 - -71. Calculate the greatest common factor of q and 112.
16
Suppose 6 = 5*o + 3*a, 0 = -3*a + 2 + 4. Let z be (o - (-2 - 5)) + 0. Calculate the highest common divisor of 7 and z.
7
Let d(p) = -18*p + 4. Let t be d(-2). Calculate the greatest common divisor of t and 5.
5
Let x = 64 - 28. What is the greatest common factor of 4 and x?
4
Let c(l) = 5 - l**3 + 0*l + 0*l**3 - 7*l**2 + 2*l**3 + l. Let v be c(7). What is the greatest common divisor of v and 6?
6
Suppose 11*d - 860 = 196. Suppose 3*i + a = -4*a + 46, 0 = -5*i + a + 58. What is the highest common factor of i and d?
12
Let q be (-6)/9 + (-102)/9. Let a be 1/(-1 + q/(-10)). Suppose -5*t = -0*j - 3*j + 58, -2*j - a*t = 3. What is the highest common factor of j and 33?
11
Let f be (15/9 + -3)/(4/(-72)). Calculate the greatest common factor of 36 and f.
12
Let f = -26 - -38. What is the highest common factor of 132 and f?
12
Suppose 16*a = 15*a + 11. Calculate the highest common divisor of 77 and a.
11
Suppose -s - 8 = -3*s. Suppose k + 66 = s*k. Calculate the highest common divisor of 66 and k.
22
Let z(b) = 17*b + 1. Let c be z(7). What is the highest common factor of 24 and c?
24
Let j(w) = 2*w**3 - 2*w**3 - 4*w**2 + 4*w - 2 + 3*w**3. Let c be j(3). Let i be ((25/(-6))/5)/((-7)/42). Calculate the greatest common factor of c and i.
5
Suppose -6*q = -2*q - 8. Suppose y - 33 = -q*y. Let c be 277/5 - 2/5. Calculate the highest common divisor of y and c.
11
Suppose 2*r = r + 2. Suppose r = 2*w - 6. Calculate the greatest common divisor of 8 and w.
4
Let l(c) = -c**2 - 8*c + 4. Let p be l(-8). Suppose -p*w - 265 = -5*i + w, -177 = -4*i - 3*w. Calculate the highest common divisor of i and 6.
6
Suppose 2*a = -r + 23, 0*a + r - 51 = -4*a. Suppose 56 = -0*y + 4*y. Calculate the highest common factor of y and a.
14
Let g(b) = b**2 - 3*b - 6. Let l be g(5). Suppose -3*d - 2*v + 5*v + 213 = 0, 0 = -4*v + l. Calculate the greatest common factor of d and 24.
24
Let g(c) = 33*c - 6. Let r be g(1). Calculate the highest common divisor of r and 45.
9
Let d be 2/14 - 69/(-7). Let s = -16 - -26. Calculate the greatest common divisor of d and s.
10
Let a be (-81)/(-15) + 2/(-5). Let c(z) = z**3 - 5*z**2 + 4*z + 5. Let b be c(a). Suppose 8*w - 3*w = b. Calculate the greatest common divisor of 20 and w.
5
Let u = -2 - 3. Let d be 1 + 13 - u/5. Suppose -4*s = -21 - d. Calculate the highest common factor of 3 and s.
3
Suppose 2*r = 3*z + 147, -3*z = -0*z + 3. Let t = 20 + -6. Let a = -6 + t. What is the highest common factor of r and a?
8
Suppose -339 = -p - 2*p. Let j = p + -57. What is the highest common factor of j and 7?
7
Let s(k) be the first derivative of k**2/2 + 4*k - 4. Suppose -4*h + 5 = -27. Let w be s(h). What is the greatest common factor of w and 30?
6
Let b(q) = -q**3 + 3*q**2 - 3*q + 2. Let f be b(2). Suppose 5*z - 323 + 123 = f. Suppose 4*o - 26 = 6. What is the highest common factor of z and o?
8
Let d = -22 + 42. Suppose -2*s - 7*a + 2*a - 47 = 0, 55 = -4*s + 3*a. Let f = -8 - s. What is the highest common factor of d and f?
4
Let u(b) = -b**2 - 8*b - 7. Let q be u(-6). Suppose q*i - 6 = 4*g + 3, 0 = 3*g + 3. Calculate the highest common divisor of 11 and i.
1
Let y(b) = b - 17. Let l be y(